hen 37580395 is divided by 400.
395
What is the remainder when 2587873 is divided by 26957?
1
Calculate the remainder when 264818 is divided by 758.
276
Calculate the remainder when 3363408 is divided by 3644.
3640
What is the remainder when 173898 is divided by 2000?
1898
What is the remainder when 17619 is divided by 8134?
1351
Calculate the remainder when 14281651 is divided by 5665.
186
Calculate the remainder when 2094599 is divided by 1047269.
61
Calculate the remainder when 15768405 is divided by 19.
1
Calculate the remainder when 9168 is divided by 1829.
23
Calculate the remainder when 11585774 is divided by 863.
862
What is the remainder when 323401 is divided by 6101?
48
Calculate the remainder when 2565297 is divided by 340.
337
What is the remainder when 55611173 is divided by 240741?
2
Calculate the remainder when 433863 is divided by 19720.
23
Calculate the remainder when 540801 is divided by 994.
65
What is the remainder when 733281 is divided by 104751?
24
What is the remainder when 260391 is divided by 2383?
644
What is the remainder when 66102419 is divided by 173?
157
What is the remainder when 894007 is divided by 3545?
667
Calculate the remainder when 1921742 is divided by 3.
2
Calculate the remainder when 45026 is divided by 3143.
1024
Calculate the remainder when 55266 is divided by 26791.
1684
Calculate the remainder when 4815573 is divided by 240778.
13
Calculate the remainder when 100147 is divided by 1161.
301
Calculate the remainder when 1391600 is divided by 5393.
206
Calculate the remainder when 11991 is divided by 239.
41
Calculate the remainder when 221966 is divided by 3827.
0
Calculate the remainder when 1423153 is divided by 11477.
5
What is the remainder when 276792839 is divided by 17?
12
Calculate the remainder when 723568 is divided by 239699.
4471
Calculate the remainder when 26827 is divided by 26642.
185
What is the remainder when 20009406 is divided by 42?
18
Calculate the remainder when 1844766 is divided by 1102.
18
Calculate the remainder when 218883512 is divided by 6.
2
What is the remainder when 676836 is divided by 145?
121
Calculate the remainder when 42473 is divided by 825.
398
What is the remainder when 51303910 is divided by 25651951?
8
What is the remainder when 67583 is divided by 2842?
2217
Calculate the remainder when 55903073 is divided by 77.
72
Calculate the remainder when 148954709 is divided by 2402495.
19
Calculate the remainder when 160438 is divided by 9144.
4990
Calculate the remainder when 987806 is divided by 3967.
23
What is the remainder when 205493 is divided by 6419?
85
Calculate the remainder when 13258251 is divided by 39.
6
Calculate the remainder when 19415886 is divided by 5146.
28
Calculate the remainder when 7547274 is divided by 1509442.
64
What is the remainder when 78325 is divided by 19575?
25
What is the remainder when 4542661 is divided by 216?
181
Calculate the remainder when 328542 is divided by 1280.
862
What is the remainder when 2084876 is divided by 637?
612
Calculate the remainder when 1437163 is divided by 2886.
2821
Calculate the remainder when 3698365 is divided by 26.
21
What is the remainder when 1216068 is divided by 304012?
20
What is the remainder when 14709765 is divided by 654?
651
What is the remainder when 10603097 is divided by 10?
7
What is the remainder when 89017184 is divided by 3997?
3994
Calculate the remainder when 2963151 is divided by 37988.
87
Calculate the remainder when 399238 is divided by 1178.
1074
What is the remainder when 2446527 is divided by 1078?
545
What is the remainder when 1551356 is divided by 124?
116
Calculate the remainder when 7321806 is divided by 40.
6
Calculate the remainder when 133608 is divided by 13280.
808
What is the remainder when 53304747 is divided by 5728?
5707
What is the remainder when 1498077 is divided by 354?
303
Calculate the remainder when 42389 is divided by 443.
304
Calculate the remainder when 5216249 is divided by 69.
56
What is the remainder when 18248347 is divided by 10?
7
Calculate the remainder when 2246346 is divided by 1123144.
58
Calculate the remainder when 24324 is divided by 8100.
24
Calculate the remainder when 4988291 is divided by 1662553.
632
What is the remainder when 444976 is divided by 2182?
2030
Calculate the remainder when 20523763 is divided by 892337.
12
Calculate the remainder when 402615 is divided by 612.
531
What is the remainder when 593328 is divided by 1626?
1464
Calculate the remainder when 18434 is divided by 542.
6
Calculate the remainder when 273436 is divided by 30374.
70
Calculate the remainder when 2299937 is divided by 168.
17
Calculate the remainder when 166795 is divided by 3971.
13
What is the remainder when 1027295 is divided by 154?
115
Calculate the remainder when 875257 is divided by 86.
35
Calculate the remainder when 2015800 is divided by 3106.
6
Calculate the remainder when 3286664 is divided by 302.
300
Calculate the remainder when 96837 is divided by 2609.
304
Calculate the remainder when 22379487 is divided by 3720.
3687
What is the remainder when 12185836 is divided by 357?
355
Calculate the remainder when 2953735147 is divided by 2153.
2152
What is the remainder when 23508 is divided by 5759?
472
What is the remainder when 157384 is divided by 1323?
1270
What is the remainder when 15119736 is divided by 267?
60
What is the remainder when 480777 is divided by 159997?
786
Calculate the remainder when 61262438 is divided by 51.
14
What is the remainder when 76022 is divided by 4628?
1974
Calculate the remainder when 181657 is divided by 620.
617
Calculate the remainder when 37741276 is divided by 29.
9
Calculate the remainder when 1520525 is divided by 926.
33
What is the remainder when 62283524 is divided by 3169?
3167
What is the remainder when 113234676 is divided by 26?
22
Calculate the remainder when 14521941 is divided by 686.
7
What is the remainder when 150241 is divided by 297?
256
What is the remainder when 13480 is divided by 337?
0
What is the remainder when 68615 is divided by 21931?
2822
What is the remainder when 654320 is divided by 280?
240
What is the remainder when 896071 is divided by 149331?
85
What is the remainder when 36586759 is divided by 55?
44
What is the remainder when 2600403 is divided by 471?
12
Calculate the remainder when 817105 is divided by 24028.
153
What is the remainder when 157786 is divided by 54?
52
What is the remainder when 1261857 is divided by 252362?
47
Calculate the remainder when 10116 is divided by 3350.
66
What is the remainder when 2789679 is divided by 16?
15
What is the remainder when 5663663 is divided by 1332?
1331
What is the remainder when 63616076 is divided by 269?
266
Calculate the remainder when 40776659 is divided by 2132.
27
Calculate the remainder when 2386519 is divided by 2386413.
106
Calculate the remainder when 7222689 is divided by 230.
229
What is the remainder when 9472643 is divided by 538?
77
Calculate the remainder when 69541 is divided by 35.
31
What is the remainder when 3905523 is divided by 8257?
8219
What is the remainder when 29356 is divided by 2097?
2095
What is the remainder when 155874730 is divided by 7793735?
30
Calculate the remainder when 4330987 is divided by 36394.
101
Calculate the remainder when 746940152 is divided by 929.
927
Calculate the remainder when 1125221 is divided by 464.
21
Calculate the remainder when 88773588 is divided by 240.
228
What is the remainder when 576606 is divided by 127?
26
Calculate the remainder when 383974942 is divided by 9.
4
What is the remainder when 6072380 is divided by 513?
512
What is the remainder when 919603 is divided by 1936?
3
What is the remainder when 837467 is divided by 110?
37
Calculate the remainder when 269325 is divided by 134632.
61
Calculate the remainder when 13549152 is divided by 422.
420
What is the remainder when 2650854 is divided by 221?
180
What is the remainder when 24959010 is divided by 99836?
10
Calculate the remainder when 3010054 is divided by 1722.
1720
Calculate the remainder when 2334986 is divided by 1244.
1242
Calculate the remainder when 14089108 is divided by 247.
228
What is the remainder when 271648 is divided by 5779?
35
Calculate the remainder when 19866 is divide